{"id":14,"date":"2024-04-04T14:43:29","date_gmt":"2024-04-04T12:43:29","guid":{"rendered":"https:\/\/praxis-tietze-wrede.de\/?page_id=14"},"modified":"2025-03-31T23:52:25","modified_gmt":"2025-03-31T21:52:25","slug":"kontakt","status":"publish","type":"page","link":"https:\/\/praxis-tietze-wrede.de\/kontakt\/","title":{"rendered":"Kontakt"},"content":{"rendered":"\n<div class=\"wp-block-group is-style-main-area-width is-layout-flow wp-block-group-is-layout-flow\">\n<h1 class=\"wp-block-heading has-large-font-size\" style=\"text-transform:uppercase\">Unsere \u00d6ffnungszeiten<\/h1>\n\n\n\n<div style=\"height:100px\" aria-hidden=\"true\" class=\"wp-block-spacer is-style-height-m\"><\/div>\n\n\n\n<div class=\"wp-block-columns is-style-default is-layout-flex wp-container-core-columns-is-layout-9d6595d7 wp-block-columns-is-layout-flex\">\n<div class=\"wp-block-column is-style-default is-layout-flow wp-block-column-is-layout-flow\" style=\"flex-basis:66.66%\">\n<p>Die Praxis ist zu den genannten Zeiten ge\u00f6ffnet, zus\u00e4tzlich finden Termine nach Vereinbarung statt.<\/p>\n\n\n\n<p>Grunds\u00e4tzlich ist die Praxis eine Terminpraxis, neurologische und psychiatrische Notf\u00e4lle werden jedoch selbstverst\u00e4ndlich umgehend behandelt.<\/p>\n\n\n\n<p>Sie finden uns im Herzen von Hagen-Boele in der ersten Etage eines gro\u00dfen Geb\u00e4udes auf dem Marktplatz. Ein ger\u00e4umiger Aufzug ist vorhanden, die R\u00e4umlichkeiten der Praxis sind mit einem Rollstuhl gut zu befahren, das WC ist behindertengerecht ausgestattet.<\/p>\n\n\n\n<p>\u00d6ffentliche Verkehrsmittel halten direkt vor der T\u00fcr (Haltestelle Boele Markt), in unmittelbarer N\u00e4he gibt es ausreichende Parkm\u00f6glichkeiten, auch Behindertenparkpl\u00e4tze.<\/p>\n\n\n\n            <div class='contact-data align-horizontal'>\n                <div class='contact-data__address'>\n                    <span class='icon fa-solid fa-phone' style='color:#F39200'><\/span>\n                    <p>Dortmunder Stra\u00dfe 1 - 3<br \/>\r\n58099 Hagen<\/p>\n                <\/div>\n                <div class='contact-data__phone'>\n                    <span class='icon fa-solid fa-location-dot' style='color:#F39200'><\/span>\n                    <p>Tel. 0233124599<br \/>\r\nFax 0233124539<\/p>\n                <\/div>\n                <div class='contact-data__email'>\n                    <span class='icon fa-solid fa-envelope' style='color:#F39200'><\/span>\n                    <p><a href=\"mailto:info@praxis-tietze-wrede.de\">info@praxis-tietze-wrede.de<\/a><\/p>\n\n                <\/div>\n            <\/div>\n        \n<\/div>\n\n\n\n<div class=\"wp-block-column is-style-default is-layout-flow wp-block-column-is-layout-flow\" style=\"flex-basis:33.33%\"><div class=\"opening-hours\"><div class='opening-hours__day__name'>Montag<\/div><div class='opening-hours__day__hours'>8:30 - 15:00 Uhr<\/div><div class='opening-hours__day__name'>Dienstag<\/div><div class='opening-hours__day__hours'>8:30 - 14:00 Uhr<\/div><div class='opening-hours__day__name'>Mittwoch<\/div><div class='opening-hours__day__hours'>8:30 - 12:00 Uhr<\/div><div class='opening-hours__day__name'>Donnerstag<\/div><div class='opening-hours__day__hours'>8:30 - 15:00 Uhr<\/div><div class='opening-hours__day__name'>Freitag<\/div><div class='opening-hours__day__hours'>8:30 - 14:00 Uhr<\/div><div class='opening-hours__day__name'>individuelle Termine <\/div><div class='opening-hours__day__hours'>nach Vereinbarung<\/div><\/div>\n\n\n\n<div style=\"height:100px\" aria-hidden=\"true\" class=\"wp-block-spacer is-style-one-line\"><\/div>\n\n\n\n<p><\/p>\n\n\n\n<div style=\"height:100px\" aria-hidden=\"true\" class=\"wp-block-spacer is-style-one-line\"><\/div>\n\n\n\n<div class=\"wp-block-buttons is-vertical is-layout-flex wp-container-core-buttons-is-layout-8cf370e7 wp-block-buttons-is-layout-flex\">\n<div class=\"wp-block-button is-style-positive\" style=\"text-transform:uppercase\"><a class=\"wp-block-button__link wp-element-button\" href=\"https:\/\/praxis-tietze-wrede.de\/kontakt\/#kontaktformular\">Termin vereinbaren<\/a><\/div>\n<\/div>\n<\/div>\n<\/div>\n<\/div>\n\n\n\n<div style=\"height:100px\" aria-hidden=\"true\" class=\"wp-block-spacer is-style-height-l\"><\/div>\n\n\n\n<div class=\"wp-block-group is-style-default has-grey-1-background-color has-background is-layout-flow wp-block-group-is-layout-flow\">\n<div class=\"wp-block-group is-style-main-area-width is-layout-flow wp-block-group-is-layout-flow\">\n<div style=\"height:100px\" aria-hidden=\"true\" class=\"wp-block-spacer is-style-height-l\"><\/div>\n\n\n\n<h2 class=\"wp-block-heading has-text-align-center has-huge-font-size\" style=\"text-transform:uppercase\">Ihr weg zu uns<\/h2>\n\n\n\n<div style=\"height:100px\" aria-hidden=\"true\" class=\"wp-block-spacer is-style-height-m\"><\/div>\n\n\n\n<p class=\"has-text-align-center\">So erreichen Sie uns. Wenn Sie noch Fragen haben, die nicht gekl\u00e4rt sind oder gern von uns im Bereich der Neurologie behandelt werden m\u00f6chten &#8211; schreiben Sie uns gern eine E-Mail \u00fcber das Kontaktformular.<\/p>\n\n\n\n<p class=\"has-text-align-center\">Wir antworten schnellstm\u00f6glich. Alle E-Mails werden direkt an uns versandt und streng vertraulich behandelt.<\/p>\n\n\n\n<p class=\"has-text-align-center\"><strong>Bitte beachten:<\/strong><br>Liebe Patientin und Patienten, derzeit bestehen keine M\u00f6glichkeiten f\u00fcr Terminvergabe im Bereich der Psychiatrie, da wir hierf\u00fcr keine Kapazit\u00e4ten mehr zur Verf\u00fcgung haben. Wir bitten dies zu entschuldigen. Lediglich Terminanfragen im Bereich der Neurologie k\u00f6nnen bearbeitet werden.<\/p>\n\n\n\n<p class=\"has-text-align-center\">Aufgrund des hohen Aufkommens von Benachrichtigungen an die Praxis k\u00f6nnen wir nur Bestellungen f\u00fcr Rezepte und Verordnungen per E-Mail bearbeiten. F\u00fcr alle weiteren Fragen, bitten wir Sie, uns telefonisch zu erreichen oder pers\u00f6nlich in die Praxis zu kommen.<\/p>\n\n\n\n<div style=\"height:100px\" aria-hidden=\"true\" class=\"wp-block-spacer is-style-height-m\"><\/div>\n\n\n\n<div class=\"wp-block-columns is-style-contact-columns has-white-background-color has-background is-layout-flex wp-container-core-columns-is-layout-9d6595d7 wp-block-columns-is-layout-flex\" id=\"kontaktformular\">\n<div class=\"wp-block-column is-layout-flow wp-block-column-is-layout-flow\" style=\"flex-basis:60%\">\n<div class=\"wp-block-buttons is-style-bottom-left is-layout-flex wp-block-buttons-is-layout-flex\">\n<div class=\"wp-block-button is-style-positive\" style=\"font-weight:400\"><a class=\"wp-block-button__link wp-element-button\" href=\"https:\/\/www.google.de\/maps\/dir\/\/Gemeinschaftspraxis+Tietze+und+Wrede,+Dortmunder+Str.+1-3,+58099+Hagen\/@51.3962761,7.4280613,13z\/data=!3m2!4b1!5s0x47b93ce420b26785:0xd7ce61ac92791de0!4m9!4m8!1m0!1m5!1m1!1s0x4171c9e701e0ef4d:0xb25e7f7380dcc841!2m2!1d7.4693463!2d51.3962834!3e0?entry=ttu\" target=\"_blank\" rel=\"noreferrer noopener nofollow\">ZUM ROUTENPLANER<\/a><\/div>\n<\/div>\n\n\n\n<div class=\"wp-block-cover is-light is-style-element-height\"><span aria-hidden=\"true\" class=\"wp-block-cover__background has-background-dim-0 has-background-dim\" style=\"background-color:#ecedef\"><\/span><img loading=\"lazy\" decoding=\"async\" width=\"1336\" height=\"779\" class=\"wp-block-cover__image-background wp-image-241\" alt=\"\" src=\"https:\/\/praxis-tietze-wrede.de\/wp-content\/uploads\/2024\/05\/tietze-wrede-karte.jpg\" data-object-fit=\"cover\" srcset=\"https:\/\/praxis-tietze-wrede.de\/wp-content\/uploads\/2024\/05\/tietze-wrede-karte.jpg 1336w, https:\/\/praxis-tietze-wrede.de\/wp-content\/uploads\/2024\/05\/tietze-wrede-karte-300x175.jpg 300w, https:\/\/praxis-tietze-wrede.de\/wp-content\/uploads\/2024\/05\/tietze-wrede-karte-1024x597.jpg 1024w, https:\/\/praxis-tietze-wrede.de\/wp-content\/uploads\/2024\/05\/tietze-wrede-karte-768x448.jpg 768w\" sizes=\"auto, (max-width: 1336px) 100vw, 1336px\" \/><div class=\"wp-block-cover__inner-container is-layout-flow wp-block-cover-is-layout-flow\">\n<p class=\"has-text-align-center has-large-font-size\"><\/p>\n<\/div><\/div>\n<\/div>\n\n\n\n<div class=\"wp-block-column is-style-padding-1 is-layout-flow wp-block-column-is-layout-flow\">\n<div class=\"wp-block-contact-form-7-contact-form-selector\">\n<div class=\"wpcf7 no-js\" id=\"wpcf7-f243-o1\" lang=\"de-DE\" dir=\"ltr\" data-wpcf7-id=\"243\">\n<div class=\"screen-reader-response\"><p role=\"status\" aria-live=\"polite\" aria-atomic=\"true\"><\/p> <ul><\/ul><\/div>\n<form action=\"\/api\/wp\/v2\/pages\/14#wpcf7-f243-o1\" method=\"post\" class=\"wpcf7-form init\" aria-label=\"Kontaktformular\" novalidate=\"novalidate\" data-status=\"init\">\n<div style=\"display: none;\">\n<input type=\"hidden\" name=\"_wpcf7\" value=\"243\" \/>\n<input type=\"hidden\" name=\"_wpcf7_version\" value=\"6.0.3\" \/>\n<input type=\"hidden\" name=\"_wpcf7_locale\" value=\"de_DE\" \/>\n<input type=\"hidden\" name=\"_wpcf7_unit_tag\" value=\"wpcf7-f243-o1\" \/>\n<input type=\"hidden\" name=\"_wpcf7_container_post\" value=\"0\" \/>\n<input type=\"hidden\" name=\"_wpcf7_posted_data_hash\" value=\"\" \/>\n<\/div>\n<div class=\"field-wrap\">\n<span class=\"wpcf7-form-control-wrap\" data-name=\"form-firstname\"><input size=\"40\" maxlength=\"400\" class=\"wpcf7-form-control wpcf7-text wpcf7-validates-as-required\" autocomplete=\"firstname\" aria-required=\"true\" aria-invalid=\"false\" placeholder=\"Vorname*\" value=\"\" type=\"text\" name=\"form-firstname\" \/><\/span>\n<\/div>\n<div class=\"field-wrap\">\n<span class=\"wpcf7-form-control-wrap\" data-name=\"form-lastname\"><input size=\"40\" maxlength=\"400\" class=\"wpcf7-form-control wpcf7-text wpcf7-validates-as-required\" autocomplete=\"lastname\" aria-required=\"true\" aria-invalid=\"false\" placeholder=\"Nachname*\" value=\"\" type=\"text\" name=\"form-lastname\" \/><\/span>\n<\/div>\n<div class=\"field-wrap\">\n<span class=\"wpcf7-form-control-wrap\" data-name=\"form-email\"><input size=\"40\" maxlength=\"400\" class=\"wpcf7-form-control wpcf7-email wpcf7-validates-as-required wpcf7-text wpcf7-validates-as-email\" autocomplete=\"email\" aria-required=\"true\" aria-invalid=\"false\" placeholder=\"E-Mail-Adresse*\" value=\"\" type=\"email\" name=\"form-email\" \/><\/span>\n<\/div>\n<div class=\"field-wrap\">\n<span class=\"wpcf7-form-control-wrap\" data-name=\"form-phone\"><input size=\"40\" maxlength=\"400\" class=\"wpcf7-form-control wpcf7-tel wpcf7-validates-as-required wpcf7-text wpcf7-validates-as-tel\" autocomplete=\"phone\" aria-required=\"true\" aria-invalid=\"false\" placeholder=\"Telefon*\" value=\"\" type=\"tel\" name=\"form-phone\" \/><\/span>\n<\/div>\n<div class=\"field-wrap colspan-2\">\n<span class=\"wpcf7-form-control-wrap\" data-name=\"form-message\"><textarea cols=\"40\" rows=\"10\" maxlength=\"2000\" class=\"wpcf7-form-control wpcf7-textarea wpcf7-validates-as-required\" aria-required=\"true\" aria-invalid=\"false\" placeholder=\"Nachricht*\" name=\"form-message\"><\/textarea><\/span>\n<\/div>\n<div class=\"field-wrap colspan-2\">\n<span class=\"wpcf7-form-control-wrap\" data-name=\"privacy\"><span class=\"wpcf7-form-control wpcf7-acceptance\"><span class=\"wpcf7-list-item\"><label><input type=\"checkbox\" name=\"privacy\" value=\"1\" aria-invalid=\"false\" \/><span class=\"wpcf7-list-item-label\">Ich stimme zu, dass meine Angaben aus dem Formular zur Beantwortung meiner Anfrage erhoben und verarbeitet werden. Die Daten werden nach abgeschlossener Bearbeitung Ihrer Anfrage gel\u00f6scht. Hinweis: Sie k\u00f6nnen Ihre Einwilligung jederzeit f\u00fcr die Zukunft per E-Mail an info@praxis-tietze-wrede.de widerrufen. Detaillierte Informationen zum Umgang mit Nutzerdaten finden Sie in unserer Datenschutzerkl\u00e4rung.<\/span><\/label><\/span><\/span><\/span>\n<\/div>\n<div class=\"field-wrap colspan-2 align-right\">\n<input class=\"wpcf7-form-control wpcf7-submit has-spinner\" type=\"submit\" value=\"Senden\" \/>\n<\/div><div class=\"wpcf7-response-output\" aria-hidden=\"true\"><\/div>\n<\/form>\n<\/div>\n<\/div>\n<\/div>\n<\/div>\n\n\n\n<div style=\"height:100px\" aria-hidden=\"true\" class=\"wp-block-spacer is-style-height-l\"><\/div>\n<\/div>\n<\/div>\n","protected":false},"excerpt":{"rendered":"<p>Unsere \u00d6ffnungszeiten Die Praxis ist zu den genannten Zeiten ge\u00f6ffnet, zus\u00e4tzlich finden Termine nach Vereinbarung statt. Grunds\u00e4tzlich ist die Praxis eine Terminpraxis, neurologische und psychiatrische Notf\u00e4lle werden jedoch selbstverst\u00e4ndlich umgehend behandelt. Sie finden uns im Herzen von Hagen-Boele in der ersten Etage eines gro\u00dfen Geb\u00e4udes auf dem Marktplatz. Ein ger\u00e4umiger Aufzug ist vorhanden, die R\u00e4umlichkeiten [&hellip;]<\/p>\n","protected":false},"author":1,"featured_media":0,"parent":0,"menu_order":0,"comment_status":"closed","ping_status":"closed","template":"","meta":{"_acf_changed":false,"footnotes":""},"class_list":["post-14","page","type-page","status-publish","hentry"],"acf":[],"_links":{"self":[{"href":"https:\/\/praxis-tietze-wrede.de\/api\/wp\/v2\/pages\/14","targetHints":{"allow":["GET"]}}],"collection":[{"href":"https:\/\/praxis-tietze-wrede.de\/api\/wp\/v2\/pages"}],"about":[{"href":"https:\/\/praxis-tietze-wrede.de\/api\/wp\/v2\/types\/page"}],"author":[{"embeddable":true,"href":"https:\/\/praxis-tietze-wrede.de\/api\/wp\/v2\/users\/1"}],"replies":[{"embeddable":true,"href":"https:\/\/praxis-tietze-wrede.de\/api\/wp\/v2\/comments?post=14"}],"version-history":[{"count":18,"href":"https:\/\/praxis-tietze-wrede.de\/api\/wp\/v2\/pages\/14\/revisions"}],"predecessor-version":[{"id":336,"href":"https:\/\/praxis-tietze-wrede.de\/api\/wp\/v2\/pages\/14\/revisions\/336"}],"wp:attachment":[{"href":"https:\/\/praxis-tietze-wrede.de\/api\/wp\/v2\/media?parent=14"}],"curies":[{"name":"wp","href":"https:\/\/api.w.org\/{rel}","templated":true}]}}

<div class="wp-block-group is-style-main-area-width is-layout-flow wp-block-group-is-layout-flow">
<h1 class="wp-block-heading has-large-font-size" style="text-transform:uppercase">Unsere Öffnungszeiten</h1>



<div style="height:100px" aria-hidden="true" class="wp-block-spacer is-style-height-m"></div>



<div class="wp-block-columns is-style-default is-layout-flex wp-container-core-columns-is-layout-9d6595d7 wp-block-columns-is-layout-flex">
<div class="wp-block-column is-style-default is-layout-flow wp-block-column-is-layout-flow" style="flex-basis:66.66%">
<p>Die Praxis ist zu den genannten Zeiten geöffnet, zusätzlich finden Termine nach Vereinbarung statt.</p>



<p>Grundsätzlich ist die Praxis eine Terminpraxis, neurologische und psychiatrische Notfälle werden jedoch selbstverständlich umgehend behandelt.</p>



<p>Sie finden uns im Herzen von Hagen-Boele in der ersten Etage eines großen Gebäudes auf dem Marktplatz. Ein geräumiger Aufzug ist vorhanden, die Räumlichkeiten der Praxis sind mit einem Rollstuhl gut zu befahren, das WC ist behindertengerecht ausgestattet.</p>



<p>Öffentliche Verkehrsmittel halten direkt vor der Tür (Haltestelle Boele Markt), in unmittelbarer Nähe gibt es ausreichende Parkmöglichkeiten, auch Behindertenparkplätze.</p>



            <div class='contact-data align-horizontal'>
                <div class='contact-data__address'>
                    <span class='icon fa-solid fa-phone' style='color:#F39200'></span>
                    <p>Dortmunder Straße 1 - 3<br />
58099 Hagen</p>
                </div>
                <div class='contact-data__phone'>
                    <span class='icon fa-solid fa-location-dot' style='color:#F39200'></span>
                    <p>Tel. 0233124599<br />
Fax 0233124539</p>
                </div>
                <div class='contact-data__email'>
                    <span class='icon fa-solid fa-envelope' style='color:#F39200'></span>
                    <p><a href="mailto:info@praxis-tietze-wrede.de">info@praxis-tietze-wrede.de</a></p>

                </div>
            </div>
        
</div>



<div class="wp-block-column is-style-default is-layout-flow wp-block-column-is-layout-flow" style="flex-basis:33.33%"><div class="opening-hours"><div class='opening-hours__day__name'>Montag</div><div class='opening-hours__day__hours'>8:30 - 15:00 Uhr</div><div class='opening-hours__day__name'>Dienstag</div><div class='opening-hours__day__hours'>8:30 - 14:00 Uhr</div><div class='opening-hours__day__name'>Mittwoch</div><div class='opening-hours__day__hours'>8:30 - 12:00 Uhr</div><div class='opening-hours__day__name'>Donnerstag</div><div class='opening-hours__day__hours'>8:30 - 15:00 Uhr</div><div class='opening-hours__day__name'>Freitag</div><div class='opening-hours__day__hours'>8:30 - 14:00 Uhr</div><div class='opening-hours__day__name'>individuelle Termine </div><div class='opening-hours__day__hours'>nach Vereinbarung</div></div>



<div style="height:100px" aria-hidden="true" class="wp-block-spacer is-style-one-line"></div>



<p></p>



<div style="height:100px" aria-hidden="true" class="wp-block-spacer is-style-one-line"></div>



<div class="wp-block-buttons is-vertical is-layout-flex wp-container-core-buttons-is-layout-8cf370e7 wp-block-buttons-is-layout-flex">
<div class="wp-block-button is-style-positive" style="text-transform:uppercase"><a class="wp-block-button__link wp-element-button" href="https://praxis-tietze-wrede.de/kontakt/#kontaktformular">Termin vereinbaren</a></div>
</div>
</div>
</div>
</div>



<div style="height:100px" aria-hidden="true" class="wp-block-spacer is-style-height-l"></div>



<div class="wp-block-group is-style-default has-grey-1-background-color has-background is-layout-flow wp-block-group-is-layout-flow">
<div class="wp-block-group is-style-main-area-width is-layout-flow wp-block-group-is-layout-flow">
<div style="height:100px" aria-hidden="true" class="wp-block-spacer is-style-height-l"></div>



<h2 class="wp-block-heading has-text-align-center has-huge-font-size" style="text-transform:uppercase">Ihr weg zu uns</h2>



<div style="height:100px" aria-hidden="true" class="wp-block-spacer is-style-height-m"></div>



<p class="has-text-align-center">So erreichen Sie uns. Wenn Sie noch Fragen haben, die nicht geklärt sind oder gern von uns im Bereich der Neurologie behandelt werden möchten &#8211; schreiben Sie uns gern eine E-Mail über das Kontaktformular.</p>



<p class="has-text-align-center">Wir antworten schnellstmöglich. Alle E-Mails werden direkt an uns versandt und streng vertraulich behandelt.</p>



<p class="has-text-align-center"><strong>Bitte beachten:</strong><br>Liebe Patientin und Patienten, derzeit bestehen keine Möglichkeiten für Terminvergabe im Bereich der Psychiatrie, da wir hierfür keine Kapazitäten mehr zur Verfügung haben. Wir bitten dies zu entschuldigen. Lediglich Terminanfragen im Bereich der Neurologie können bearbeitet werden.</p>



<p class="has-text-align-center">Aufgrund des hohen Aufkommens von Benachrichtigungen an die Praxis können wir nur Bestellungen für Rezepte und Verordnungen per E-Mail bearbeiten. Für alle weiteren Fragen, bitten wir Sie, uns telefonisch zu erreichen oder persönlich in die Praxis zu kommen.</p>



<div style="height:100px" aria-hidden="true" class="wp-block-spacer is-style-height-m"></div>



<div class="wp-block-columns is-style-contact-columns has-white-background-color has-background is-layout-flex wp-container-core-columns-is-layout-9d6595d7 wp-block-columns-is-layout-flex" id="kontaktformular">
<div class="wp-block-column is-layout-flow wp-block-column-is-layout-flow" style="flex-basis:60%">
<div class="wp-block-buttons is-style-bottom-left is-layout-flex wp-block-buttons-is-layout-flex">
<div class="wp-block-button is-style-positive" style="font-weight:400"><a class="wp-block-button__link wp-element-button" href="https://www.google.de/maps/dir//Gemeinschaftspraxis+Tietze+und+Wrede,+Dortmunder+Str.+1-3,+58099+Hagen/@51.3962761,7.4280613,13z/data=!3m2!4b1!5s0x47b93ce420b26785:0xd7ce61ac92791de0!4m9!4m8!1m0!1m5!1m1!1s0x4171c9e701e0ef4d:0xb25e7f7380dcc841!2m2!1d7.4693463!2d51.3962834!3e0?entry=ttu" target="_blank" rel="noreferrer noopener nofollow">ZUM ROUTENPLANER</a></div>
</div>



<div class="wp-block-cover is-light is-style-element-height"><span aria-hidden="true" class="wp-block-cover__background has-background-dim-0 has-background-dim" style="background-color:#ecedef"></span><img loading="lazy" decoding="async" width="1336" height="779" class="wp-block-cover__image-background wp-image-241" alt="" src="https://praxis-tietze-wrede.de/wp-content/uploads/2024/05/tietze-wrede-karte.jpg" data-object-fit="cover" srcset="https://praxis-tietze-wrede.de/wp-content/uploads/2024/05/tietze-wrede-karte.jpg 1336w, https://praxis-tietze-wrede.de/wp-content/uploads/2024/05/tietze-wrede-karte-300x175.jpg 300w, https://praxis-tietze-wrede.de/wp-content/uploads/2024/05/tietze-wrede-karte-1024x597.jpg 1024w, https://praxis-tietze-wrede.de/wp-content/uploads/2024/05/tietze-wrede-karte-768x448.jpg 768w" sizes="auto, (max-width: 1336px) 100vw, 1336px" /><div class="wp-block-cover__inner-container is-layout-flow wp-block-cover-is-layout-flow">
<p class="has-text-align-center has-large-font-size"></p>
</div></div>
</div>



<div class="wp-block-column is-style-padding-1 is-layout-flow wp-block-column-is-layout-flow">
<div class="wp-block-contact-form-7-contact-form-selector">
<div class="wpcf7 no-js" id="wpcf7-f243-o1" lang="de-DE" dir="ltr" data-wpcf7-id="243">
<div class="screen-reader-response"><p role="status" aria-live="polite" aria-atomic="true"></p> <ul></ul></div>
<form action="/api/wp/v2/pages/14#wpcf7-f243-o1" method="post" class="wpcf7-form init" aria-label="Kontaktformular" novalidate="novalidate" data-status="init">
<div style="display: none;">
<input type="hidden" name="_wpcf7" value="243" />
<input type="hidden" name="_wpcf7_version" value="6.0.3" />
<input type="hidden" name="_wpcf7_locale" value="de_DE" />
<input type="hidden" name="_wpcf7_unit_tag" value="wpcf7-f243-o1" />
<input type="hidden" name="_wpcf7_container_post" value="0" />
<input type="hidden" name="_wpcf7_posted_data_hash" value="" />
</div>
<div class="field-wrap">
<span class="wpcf7-form-control-wrap" data-name="form-firstname"><input size="40" maxlength="400" class="wpcf7-form-control wpcf7-text wpcf7-validates-as-required" autocomplete="firstname" aria-required="true" aria-invalid="false" placeholder="Vorname*" value="" type="text" name="form-firstname" /></span>
</div>
<div class="field-wrap">
<span class="wpcf7-form-control-wrap" data-name="form-lastname"><input size="40" maxlength="400" class="wpcf7-form-control wpcf7-text wpcf7-validates-as-required" autocomplete="lastname" aria-required="true" aria-invalid="false" placeholder="Nachname*" value="" type="text" name="form-lastname" /></span>
</div>
<div class="field-wrap">
<span class="wpcf7-form-control-wrap" data-name="form-email"><input size="40" maxlength="400" class="wpcf7-form-control wpcf7-email wpcf7-validates-as-required wpcf7-text wpcf7-validates-as-email" autocomplete="email" aria-required="true" aria-invalid="false" placeholder="E-Mail-Adresse*" value="" type="email" name="form-email" /></span>
</div>
<div class="field-wrap">
<span class="wpcf7-form-control-wrap" data-name="form-phone"><input size="40" maxlength="400" class="wpcf7-form-control wpcf7-tel wpcf7-validates-as-required wpcf7-text wpcf7-validates-as-tel" autocomplete="phone" aria-required="true" aria-invalid="false" placeholder="Telefon*" value="" type="tel" name="form-phone" /></span>
</div>
<div class="field-wrap colspan-2">
<span class="wpcf7-form-control-wrap" data-name="form-message"><textarea cols="40" rows="10" maxlength="2000" class="wpcf7-form-control wpcf7-textarea wpcf7-validates-as-required" aria-required="true" aria-invalid="false" placeholder="Nachricht*" name="form-message"></textarea></span>
</div>
<div class="field-wrap colspan-2">
<span class="wpcf7-form-control-wrap" data-name="privacy"><span class="wpcf7-form-control wpcf7-acceptance"><span class="wpcf7-list-item"><label><input type="checkbox" name="privacy" value="1" aria-invalid="false" /><span class="wpcf7-list-item-label">Ich stimme zu, dass meine Angaben aus dem Formular zur Beantwortung meiner Anfrage erhoben und verarbeitet werden. Die Daten werden nach abgeschlossener Bearbeitung Ihrer Anfrage gelöscht. Hinweis: Sie können Ihre Einwilligung jederzeit für die Zukunft per E-Mail an info@praxis-tietze-wrede.de widerrufen. Detaillierte Informationen zum Umgang mit Nutzerdaten finden Sie in unserer Datenschutzerklärung.</span></label></span></span></span>
</div>
<div class="field-wrap colspan-2 align-right">
<input class="wpcf7-form-control wpcf7-submit has-spinner" type="submit" value="Senden" />
</div><div class="wpcf7-response-output" aria-hidden="true"></div>
</form>
</div>
</div>
</div>
</div>



<div style="height:100px" aria-hidden="true" class="wp-block-spacer is-style-height-l"></div>
</div>
</div>

<p>Unsere Öffnungszeiten Die Praxis ist zu den genannten Zeiten geöffnet, zusätzlich finden Termine nach Vereinbarung statt. Grundsätzlich ist die Praxis eine Terminpraxis, neurologische und psychiatrische Notfälle werden jedoch selbstverständlich umgehend behandelt. Sie finden uns im Herzen von Hagen-Boele in der ersten Etage eines großen Gebäudes auf dem Marktplatz. Ein geräumiger Aufzug ist vorhanden, die Räumlichkeiten [&hellip;]</p>
